se 4) to base 2
-110010000111001
-155b7 (base 12) to base 7
-154102
Convert 1197a (base 11) to base 10.
17148
What is 3282 (base 11) in base 7?
15416
4335 (base 6) to base 13
5b7
Convert 2af (base 16) to base 3.
221110
What is 73736 (base 8) in base 5?
1440221
-4789 (base 12) to base 15
-25a0
Convert badf (base 16) to base 15.
e294
What is -47a8 (base 12) in base 3?
-102001002
2174 (base 13) to base 3
20101112
2222 (base 5) to base 16
138
Convert 31818 (base 9) to base 15.
63a2
Convert 4b2 (base 15) to base 5.
13232
1202211220 (base 3) to base 13
12b52
Convert 1100011001110111 (base 2) to base 9.
76622
What is bc8b (base 16) in base 14?
13839
120012101 (base 3) to base 12
64b4
Convert -2360 (base 8) to base 14.
-664
-12331 (base 6) to base 10
-1855
What is 1ba7 (base 15) in base 11?
4571
What is -ab (base 12) in base 10?
-131
1010111 (base 3) to base 16
337
195e (base 15) to base 2
1010101110001
What is 14314 (base 5) in base 14?
625
What is -1210220 (base 3) in base 6?
-10040
a41a (base 15) to base 5
2102200
3435 (base 13) to base 3
101000210
What is ab87 (base 14) in base 13?
106aa
94e0 (base 16) to base 12
1a080
Convert -34434 (base 6) to base 2.
-1001100110110
What is -5122 (base 9) in base 11?
-28a6
What is -306 (base 13) in base 8?
-1001
What is -36420 (base 7) in base 2?
-10010011111111
What is -3495 (base 14) in base 16?
-23bb
What is 652 (base 15) in base 10?
1427
Convert 10111210 (base 3) to base 9.
3453
What is -113303 (base 4) in base 7?
-4304
Convert 3af3 (base 16) to base 8.
35363
Convert -1110100111010 (base 2) to base 6.
-54350
What is -271 (base 15) in base 10?
-556
10100 (base 3) to base 5
330
What is -1323123 (base 4) in base 3?
-101211120
1520 (base 8) to base 15
3b8
What is -1499 (base 16) in base 6?
-40225
What is -21204 (base 5) in base 14?
-741
Convert 2229 (base 12) to base 5.
110102
What is 68aa (base 13) in base 9?
22114
Convert 1100110010110 (base 2) to base 8.
14626
54130 (base 7) to base 13
6175
What is -4313 (base 11) in base 3?
-21211011
Convert -2491 (base 10) to base 3.
-10102021
Convert -2303 (base 7) to base 13.
-4c4
-904 (base 16) to base 2
-100100000100
Convert 32414 (base 8) to base 6.
142512
What is -71b9 (base 13) in base 10?
-15700
What is 296a (base 13) in base 9?
8210
Convert 210312 (base 4) to base 16.
936
22055 (base 8) to base 14
3537
-4244 (base 5) to base 11
-482
What is 4424040 (base 5) in base 9?
126270
Convert -150155 (base 8) to base 4.
-31001231
Convert 288 (base 14) to base 9.
628
-5152 (base 11) to base 8
-15261
What is -330234 (base 6) in base 11?
-19578
25544 (base 6) to base 3
12022201
Convert -1210100 (base 3) to base 7.
-3543
Convert 1113 (base 4) to base 15.
5c
What is 11110001101110 (base 2) in base 9?
23188
-2222100 (base 4) to base 8
-25220
What is 2122020110 (base 3) in base 11?
36022
What is -1122 (base 5) in base 11?
-138
Convert 169 (base 10) to base 5.
1134
-5a6 (base 13) to base 10
-981
Convert 5412 (base 12) to base 9.
13585
Convert -11212333 (base 4) to base 2.
-101100110111111
What is 101201 (base 3) in base 2?
100100001
-22667 (base 9) to base 6
-154011
Convert -125041 (base 6) to base 15.
-35ed
What is -11b7 (base 12) in base 6?
-13151
Convert -343423 (base 6) to base 14.
-a983
Convert -111111010001001 (base 2) to base 14.
-bb3b
Convert 819 (base 12) to base 10.
1173
Convert -24a1 (base 12) to base 4.
-1000321
-12211 (base 3) to base 8
-235
What is -15521 (base 8) in base 5?
-210433
Convert -22c (base 13) to base 7.
-1045
What is -6103 (base 8) in base 11?
-23a4
What is -1447 (base 9) in base 4?
-101020
1121 (base 6) to base 2
100001001
What is -602 (base 11) in base 13?
-440
Convert -2142 (base 6) to base 15.
-22e
Convert 2189 (base 11) to base 7.
11253
32054 (base 6) to base 13
1c9c
Convert -102201021 (base 3) to base 8.
-20533
11010101001 (base 2) to base 5
23310
What is -110003 (base 4) in base 3?
-1202112
54244 (base 6) to base 8
16424
-560 (base 16) to base 4
-111200
30340 (base 5) to base 11
1531
70016 (base 9) to base 10
45942
What is 11120012 (base 3) in base 6?
23222
Convert 1100453 (base 6) to base 8.
152521
Convert 4eb (base 15) to base 8.
2141
Convert 2456 (base 13) to base 3.
21001102
What is 1426 (base 7) in base 8?
1057
What is 1010001010101 (base 2) in base 15?
1820
What is -7383 (base 9) in base 7?
-21543
Convert 10111011010010 (base 2) to base 13.
55c0
What is -722 (base 14) in base 15?
-637
Convert 8b53 (base 12) to base 11.
10695
-15623 (base 12) to base 6
-352043
Convert 1001001110 (base 2) to base 7.
1502
What is -1414 (base 5) in base 3?
-22200
What is 221011 (base 3) in base 16?
2a7
What is -4773 (base 9) in base 6?
-24233
48 (base 11) to base 4
310
What is 2403 (base 7) in base 8?
1565
-32755 (base 8) to base 9
-20838
Convert 358 (base 10) to base 6.
1354
Convert 1211001 (base 3) to base 15.
5d4
Convert -1452a (base 11) to base 15.
-6187
-24c (base 14) to base 13
-295
16736 (base 9) to base 15
3640
Convert 2f42 (base 16) to base 15.
38b8
What is -5a5 (base 11) in base 13?
-435
What is -49a9a (base 11) in base 15?
-1645c
-13489 (base 10) to base 13
-61a8
What is 14510 (base 6) in base 16?
92a
1125553 (base 6) to base 10
58317
-110222 (base 3) to base 14
-1b0
Convert -240 (base 13) to base 3.
-112110
Convert -106 (base 10) to base 8.
-152
154 (base 10) to base 9
181
-10120101 (base 3) to base 5
-40402
14380 (base 9) to base 12
5800
What is 4364 (base 16) in base 2?
100001101100100
-319 (base 12) to base 9
-553
What is -2dc7 (base 15) in base 13?
-4648
-934 (base 12) to base 16
-538
What is 100001010011 (base 2) in base 16?
853
18c53 (base 14) to base 15
13913
3110 (base 5) to base 9
500
Convert -7074 (base 9) to base 11.
-3980
Convert -11737 (base 10) to base 4.
-2313121
Convert 100111 (base 2) to base 11.
36
What is 114423 (base 5) in base 7?
15502
Convert -1110101111111110 (base 2) to base 9.
-101776
-11246 (base 11) to base 7
-65263
What is -100003 (base 4) in base 13?
-610
What is -342 (base 8) in base 12?
-16a
Convert -4677 (base 10) to base 4.
-1021011
Convert -28 (base 14) to base 3.
-1100
What is 12245 (base 9) in base 8?
20036
Convert 230b (base 12) to base 7.
14240
What is 110010212 (base 3) in base 12?
5158
9d9 (base 15) to base 5
32404
Convert -1107 (base 10) to base 6.
-5043
Convert 3120 (base 6) to base 14.
37a
Convert 1240 (base 9) to base 4.
32133
-21313 (base 4) to base 7
-1561
What is 120111122 (base 3) in base 4?
2300213
34a (base 15) to base 16
2e9
1093 (base 16) to base 8
10223
110130232 (base 4) to base 8
243456
210222 (base 3) to base 13
368
What is 656 (base 9) in base 16?
219
What is -366 (base 13) in base 10?
-591
110111101 (base 2) to base 11
375
1590 (base 11) to base 2
11111110011
What is 103411 (base 5) in base 11?
2789
-11441 (base 5) to base 7
-2353
-d4a (base 16) to base 10
-3402
-12003 (base 4) to base 15
-1ac
Convert -70752 (base 9) to base 6.
-555245
-32434 (base 6) to base 8
-10606
Convert 42b2 (base 14) to base 10.
11524
-22011 (base 5) to base 7
-4251
Convert e45b (base 15) to base 13.
18c56
What is 6111 (base 7) in base 13?
c69
What is -17264 (base 13) in base 5?
-2404420
What is 13134 (base 5) in base 11?
86a
-58b (base 13) to base 14
-4c8
Convert -2064 (base 10) to base 6.
-13320
Convert 61504 (base 9) to base 10.
40504
-11301 (base 4) to base 6
-1413
What is 3031 (base 4) in base 6?
541
1320213 (base 5) to base 8
63304
10102122 (base 3) to base 14
ca9
Convert 201 (base 14) to base 3.
112120
What is -1303 (base 12) in base 14?
-b07
-4415 (base 10) to base 12
-267b
Convert -235 (base 13) to base 10.
-382
What is -9200 (base 12) in base 10?
-15840
-383 (base 15) to base 6
-3410
Convert 1033 (base 11) to base 13.
812
What is -21020202 (base 3) in base 13?
-2537
11110010010100 (base 2) to base 5
444013
Convert 4b5 (base 16) to base 10.
1205
Convert 30210 (base 4) to base 15.
389
What is 1141 (base 5) in base 14?
c3
Convert -14248 (base 9) to base 4.
-2113103
-4420 (base 12) to base 10
-7512
Convert -35523 (base 6) to base 9.
-7066
a548 (base 11) to base 2
11011010001111
Convert 345 (base 8) to base 15.
104
What is -7617 (base 8) in base 12?
-237b
Convert 2044 (base 6) to base 5.
3320
What is -1011111110100 (base 2) in base 9?
-8363
-314 (base 5) to base 11
-77
What is 1100011101000000 (base 2) in base 1